**2 - 436*w - 2607. Calculate s(-66).
33
Let j(w) = 3*w**3 + 12*w**2 + 26*w + 3. Calculate j(-4).
-101
Let u(z) = 39*z - 1621. What is u(41)?
-22
Let x(s) = -s**2 - 38*s + 1232. Determine x(-59).
-7
Let f(c) = -c**3 + 399*c**2 + 804*c + 2. Calculate f(-2).
-2
Let v(w) = 14*w - 1030. Calculate v(74).
6
Let z(k) = k**3 - 3*k**2 + 4*k + 276. Determine z(0).
276
Let a(u) = -20*u + 788. What is a(41)?
-32
Let p(r) = -53*r - 25. What is p(-2)?
81
Let c(r) = -494*r + 575. Calculate c(2).
-413
Let r(v) = 27*v - 366. Determine r(10).
-96
Let q(u) = -4*u**2 - 10*u + 81. Determine q(5).
-69
Let k(z) = 90*z + 95. Determine k(-1).
5
Let n(m) = -m**3 - 38*m**2 + 3*m + 121. Determine n(-38).
7
Let h(v) = -v**3 + 209*v + 918. Give h(-5).
-2
Let b(j) = -224*j + 9636. Give b(43).
4
Let u(d) = -d**2 + 50*d - 397. What is u(39)?
32
Let s(z) = z**2 + 265*z - 3023. Determine s(11).
13
Let g(j) = 2*j**3 + 8*j**2 + j + 4. Calculate g(-8).
-516
Let q(d) = -d**2 - 12*d + 25. Determine q(7).
-108
Let a(v) = v**3 - 12*v**2 + 17*v + 18. What is a(10)?
-12
Let w(g) = 105*g + 618. Give w(-10).
-432
Let h(b) = -b**3 + 23*b**2 - 40*b + 13. Determine h(21).
55
Let c(k) = k**3 + 63*k**2 - 272*k - 279. Give c(-67).
-11
Let a(o) = -11*o + 409. Give a(37).
2
Let q(l) = -194*l - 7890. Give q(-40).
-130
Let t(v) = 9*v**2 - 9*v + 2. Give t(4).
110
Let x(l) = -32*l - 330. What is x(-14)?
118
Let s(k) = 48*k - 942. Calculate s(12).
-366
Let x(k) = -k**3 - 16*k**2 + 429*k + 6081. Calculate x(-13).
-3
Let m(v) = -v**2 + 807*v - 5583. Calculate m(7).
17
Let r(b) = -141*b**2 - 1972*b + 3. Determine r(-14).
-25
Let x(h) = -3*h**2 + 17*h + 173. Calculate x(11).
-3
Let p(v) = 35*v + 179. Give p(3).
284
Let o(q) = q**3 + 291*q**2 - 96*q - 27942. Determine o(-291).
-6
Let q(l) = -7*l - 288. Determine q(-52).
76
Let c(x) = -4*x**3 - x**2 + 21*x - 3. Give c(4).
-191
Let s(x) = 2*x**2 + 102*x + 1268. What is s(-21)?
8
Let q(u) = u**3 - 13*u**2 - 49*u + 583. Give q(13).
-54
Let i(l) = 253*l - 13. Determine i(0).
-13
Let g(v) = -118*v + 19. Calculate g(-1).
137
Let a(y) = y**3 - y**2 - 25*y + 23. What is a(8)?
271
Let q(w) = -1409*w + 8465. Determine q(6).
11
Let z(w) = -145*w - 1130. Calculate z(-6).
-260
Let y(i) = -2*i**2 + 1454*i - 17164. Determine y(12).
-4
Let g(u) = 607*u - 6686. What is g(11)?
-9
Let c(m) = -497*m - 4. Give c(0).
-4
Let i(v) = 2*v**2 + 43*v + 29. What is i(-12)?
-199
Let x(z) = -358*z - 2154. Calculate x(-6).
-6
Let t(h) = h**3 - 7*h**2 - 5*h + 114. What is t(8)?
138
Let o(v) = -2*v**2 + 493*v - 23609. Determine o(65).
-14
Let f(r) = 2*r**3 - 32*r**2 + 53*r + 42. Give f(14).
0
Let g(n) = 1590*n - 17492. Give g(11).
-2
Let t(m) = -2*m**2 + 260*m - 6666. Determine t(95).
-16
Let b(t) = -6*t**2 + 545*t - 459. What is b(90)?
-9
Let q(h) = h**2 + 211*h + 1226. Determine q(-6).
-4
Let h(q) = q**3 + 11*q**2 - 37*q - 103. Determine h(-13).
40
Let m(i) = -i**3 + 40*i**2 + 619*i + 257. Give m(52).
-3
Let p(s) = 170*s + 22095. Give p(-130).
-5
Let k(h) = -h**2 - 7*h - 3. What is k(-6)?
3
Let o(q) = -22*q + 111. Determine o(3).
45
Let m(h) = -h**3 - 4*h**2 + 29*h + 92. Give m(-3).
-4
Let k(g) = 26*g - 5. Determine k(3).
73
Let t(w) = w**3 + 112*w**2 - 114*w - 317. Determine t(-113).
-204
Let q(a) = -6*a**3 - 796*a**2 - 528*a + 15. Give q(-132).
15
Let v(q) = q**3 + q**2 + q - 82. What is v(0)?
-82
Let x(b) = -4*b**3 - 2*b**2 + 16*b + 8. Determine x(-5).
378
Let p(u) = 65*u + 323. Calculate p(-10).
-327
Let g(l) = 2*l**2 - 174*l + 2257. What is g(71)?
-15
Let b(c) = c**2 + 815*c - 13334. Determine b(16).
-38
Let q(i) = i**3 + 71*i**2 + 137*i - 62. Determine q(-69).
7
Let i(z) = -2*z**2 - 123*z + 1187. Give i(-70).
-3
Let q(m) = -57*m - 209. Calculate q(-4).
19
Let n(x) = 102*x + 656. What is n(-7)?
-58
Let p(c) = 58*c + 392. Calculate p(-6).
44
Let t(g) = 66*g - 329. What is t(5)?
1
Let k(t) = 3*t**2 + 2294*t - 16193. Determine k(7).
12
Let o(j) = j**3 + 4*j**2 - 54*j + 19. What is o(-10)?
-41
Let t(j) = -250*j + 2030. What is t(8)?
30
Let u(f) = -4*f - 65. Calculate u(-2).
-57
Let f(m) = m**3 - m**2 - 32*m + 50. Determine f(4).
-30
Let j(k) = 207*k - 1464. What is j(7)?
-15
Let w(n) = -26*n**2 - 49*n - 2. Determine w(2).
-204
Let f(o) = -o**2 + 14357*o - 86106. Calculate f(6).
0
Let b(a) = 42*a**2 - 28*a - 24. Give b(-1).
46
Let x(z) = -3*z**3 + 37*z**2 - 4*z - 55. Give x(12).
41
Let d(w) = -8*w - 21. What is d(8)?
-85
Let i(f) = -2*f**3 - 3*f**2 + 79*f - 75. Calculate i(5).
-5
Let a(b) = -3*b**2 + 49*b - 62. What is a(19)?
-214
Let k(h) = 3*h**2 - 83*h + 163. What is k(25)?
-37
Let m(l) = l**3 - 22*l + 39. Give m(6).
123
Let h(z) = -1497*z - 1406. Calculate h(-1).
91
Let z(m) = -m**2 - 3*m - 12. Calculate z(-8).
-52
Let n(r) = -937*r + 14988. Calculate n(16).
-4
Let q(h) = -506*h + 3017. Determine q(6).
-19
Let w(r) = -r**3 + 2*r**2 - 81*r + 364. Give w(4).
8
Let o(x) = -23*x + 1172. Calculate o(48).
68
Let r(z) = 2*z**2 - 542*z + 1624. What is r(3)?
16
Let f(s) = 2*s**2 - 358*s - 4839. Calculate f(-13).
153
Let o(t) = t**3 - 19*t**2 + 101*t + 12. Calculate o(7).
131
Let y(g) = -2*g**2 - 54*g + 36. What is y(-28)?
-20
Let f(k) = 66*k - 1590. Give f(24).
-6
Let o(a) = -25*a**2 - 1148*a + 94. What is o(-46)?
2
Let s(g) = 10*g**2 - 2*g + 25. What is s(3)?
109
Let t(x) = 8*x**2 + 533*x - 189. Calculate t(-67).
12
Let f(s) = s**2 + 87*s + 288. Calculate f(-84).
36
Let u(r) = -3*r**3 + r**2 - 23*r - 41. Determine u(-2).
33
Let q(l) = -2*l**2 - 11*l + 148. Determine q(-13).
-47
Let k(i) = 3*i**3 + 86*i**2 - 8*i + 82. Determine k(-29).
-527
Let q(h) = 4*h**3 + 5*h**2 - 54*h + 84. Calculate q(2).
28
Let k(f) = -1165*f - 11653. What is k(-10)?
-3
Let g(z) = -131*z - 729. Determine g(3).
-1122
Let z(q) = 270*q**2 - 1075*q - 17. Determine z(4).
3
Let i(x) = -22*x - 763. Give i(-33).
-37
Let x(t) = -2*t**3 + t**2 + 51*t - 52. What is x(1)?
-2
Let h(x) = -3*x**2 + 432*x - 2080. Determine h(5).
5
Let q(w) = -19*w**3 - 4*w**2 + 10*w - 25. Determine q(3).
-544
Let y(l) = -6*l**2 + 112*l + 295. Calculate y(21).
1
Let s(h) = -h**3 - 14*h**2 - 16*h + 16. Give s(-13).
55
Let b(f) = 2043*f + 20413. What is b(-10)?
-17
Let p(v) = -5*v**2 + 118*v + 574. What is p(-4)?
22
Let y(d) = -2*d**3 + 322*d + 211. Determine y(13).
3
Let n(x) = 40*x - 116. Give n(4).
44
Let y(c) = -367*c + 1081. Give y(3).
-20
Let c(i) = -224*i + 1107. What is c(5)?
-13
Let d(n) = -5*n - 198. What is d(-33)?
-33
Let w(g) = g**3 + 19*g**2 + g - 26. What is w(-19)?
-45
Let h(s) = 18*s - 533. Calculate h(15).
-263
Let p(m) = -19*m + 285. Calculate p(17).
-38
Let q(o) = -6*o + 399. Give q(27).
237
Let r(w) = -2*w**2 - 281*w + 1156. Calculate r(4).
0
Let l(t) = -2*t**2 - 30*t + 88. Give l(-15).
88
Let z(u) = -u**2 - 22*u - 110. Give z(-13).
7
Let i(m) = -2*m**3 + 50*m**2 - 173*m + 92. Determine i(21).
-13
Let t(w) = 3*w**2 + 7*w - 176. Calculate t(13).
422
Let k(r) = -401*r + 1359. What is k(3)?
156
Let f(c) = 2*c**2 - 106*c + 970. Give f(13).
-70
Let v(l) = 13*l - 546. Determine v(42).
0
Let r(x) = -44*x - 339. Calculate r(-12).
189
Let k(b) = -6*b**2 - 56*b + 106. Calculate k(-11).
-4
Let o(s) = 7*s**3 + 273*s**2 + 1189*s - 34. Calculate o(-34).
0
Let d(c) = -c**3 - 26*c**2 - 11*c - 181. Give d(-25).
-531
Let k(u) = u**3 + 36*u**2 - 78*u - 47. Calculate k(-38).
29
Let s(k) = k**3 + 4*k**2 - 106*k - 339. Give s(-3).
-12
Let s(c) = c**3 - 7*c**2 - 1110*c - 7. Give s(37).
-7
Let j(k) = 367*k + 72716. Determine j(-198).
50
Let j(m) = 3*m + 72. Give j(-12).
36
Let a(z) = -14*z**3 + z. Calculate a(-1).
13
Let z(m) = -m + 50. Determine z(-11).
61
Let l(f) = -4*f + 111. Give l(-6).
135
Let u(l) = -l**2 + 79*l - 1331. Calculate u(23).
-43
Let k(x) = x**2 + 80*x + 215. Calculate k(-78).
59
Let q(j) = -j**2 - 76*j - 1148. Calculate q(-43).
271
Let r(n) = n**2 - 32*n - 34. Determine r(33).
-1
Let z(j) = -8*j**2 - 62*j - 49. Give z(-13).
-595
Let l(g) = 18*g**3 + g**2 + 10*g + 1. Give l(-2).
-159
Let o(b) = -b**3 + 22*b**2 - 2*b - 422. What is o(21)?
-23
Let i(y) = -55*y - 56. Calculate i(-2).
54
Let k(j) = -2*j**2 + 2*j - 15. Give k(0).
-15
Let t(w) = -2*w**3 + 366*w**2 - 361*w - 437. Determine t(182).
109
Let n(j) = j**3 + 13*j**2 + 55*j + 234. Determine n(-10).
-16
Let c(k) = -7*k**2 - 79*k - 343. What is c(-5)?
-123
Let d(w) = 16*w + 236. Calc